 ((-27)/(-12) + 3)*(-28)/(-21). Suppose 4*g - 1836 = 3*s - q*s, 5*s + 15 = 0. What is the hundreds digit of g?
4
Let y be ((-18)/(-45))/((-6)/(-75)) + -588. Let u = 1090 + y. What is the units digit of u?
7
Suppose -16*a + 21*a = -2*t + 14, 0 = t - 2*a + 2. Suppose 6*f - f = t*r + 235, 0 = 3*f + 5*r - 141. What is the units digit of f?
7
Let d(c) = -13*c**2 + 2*c. Let q be d(2). Suppose -351 - 39 = 6*p. Let w = q - p. What is the tens digit of w?
1
Let l(a) = 2*a**2 + 10*a + 47. Let u be l(-11). Suppose 2*z = u + 89. What is the hundreds digit of z?
1
Suppose -21674 + 45613 + 28596 = 7*q. What is the hundreds digit of q?
5
Suppose 9*i - 4*i = 5*z - 6540, 0 = 3*z + 5*i - 3892. Suppose 434 = -5*w + z. What is the tens digit of w?
7
Let y = -1402 - -914. What is the units digit of (8 - 4)/((-2)/y)?
6
Let d(s) = -21*s - 21*s + 62*s - 21*s - 2. What is the units digit of d(-8)?
6
Let d = 96 + -65. Let f = d + -111. Let m = 178 + f. What is the tens digit of m?
9
Suppose d + 4 = -9. Let j = d + 15. Suppose j*c = 29 + 31. What is the units digit of c?
0
Let x(f) = 0 + 5 + 1142*f**2 - 559*f**2 - 557*f**2 - 3 + 4*f. Suppose 7*q = 2*q - 10. What is the tens digit of x(q)?
9
Let y = 1630 - 445. What is the hundreds digit of y?
1
Suppose -9*b = -6*b + 6. Let u be 3 + 1/((-4)/(-8)*b). What is the tens digit of (12/10)/((-12)/(-660)) - u?
6
Let x(k) be the third derivative of -3*k**4/8 + k**3/6 + 8*k**2. Let b be x(3). What is the tens digit of b*(6/15 - (-21)/(-15))?
2
Suppose -4*c = -3*n - 17069, -4*c - 4*n + 16941 = -107. What is the tens digit of c?
6
Let p be 0 + -64 - (-39 + 17 + 28). Let g(w) = 81*w + 2. Let a be g(2). Let z = p + a. What is the tens digit of z?
9
Let r be (456/285)/((-2)/(-30)). Let d = 10 + 9. Suppose 0 = -r*k + d*k + 1125. What is the tens digit of k?
2
Suppose 2107*i - 2092*i = 306270. What is the thousands digit of i?
0
Suppose 5*y + 2275 = 2*u + 2*y, -u - y + 1150 = 0. Let s = -716 + u. What is the units digit of s?
9
Let c(s) = 133*s**2 - 8*s + 6. Let t be c(2). Suppose -8*n - 894 = t. Let v = 391 + n. What is the units digit of v?
4
Let v = -19984 - -40709. What is the tens digit of v?
2
Suppose 0*a + 102996 = a + 8*a. What is the units digit of a?
4
Suppose 2079 = -20*l + 10419. Suppose 19*i - 22*i + l = 0. What is the hundreds digit of i?
1
Let f(p) = p**3 + 20*p**2 + 51*p - 8. Let y be f(-17). What is the units digit of y/((-440)/2079) + (-2)/(-10)?
8
Let x(d) = 394*d - 445. What is the units digit of x(4)?
1
Suppose -h = -4*w + 9*w - 555, 0 = -3*w + 2*h + 320. Suppose -119 + w = -3*y. What is the units digit of y?
3
Let i(x) = -595*x**3 + 18*x**2 + 37*x + 16. What is the units digit of i(-2)?
4
Let o = -6027 + 12774. What is the tens digit of o?
4
Let f = -505 - -512. What is the hundreds digit of 869 + f/35*10?
8
Let v = 19492 - 12380. What is the tens digit of v?
1
Let y = -15059 - -27392. What is the ten thousands digit of y?
1
Let s = 51 - 46. Suppose -l + h = -s, -4 = -5*l + 9*h - 11*h. Suppose -20 = -o - 2*d + 172, l*d + 396 = 2*o. What is the hundreds digit of o?
1
Let k = 30 - 25. Suppose 2*w = k*o - 1020 - 141, 4*o - 934 = -w. What is the hundreds digit of o?
2
Let l(z) = -20*z**2 - 5*z + 17. Let t be l(5). Let r = -310 - t. What is the units digit of r?
8
Let f = -17242 - -74196. What is the hundreds digit of f?
9
Suppose -11*t + 43*t = 1537536. Suppose -t = -11*h - 41*h. What is the tens digit of h?
2
Suppose -8*c = 5*j - 110992 - 115988, -4*c - 4*j = -113496. What is the units digit of c?
0
What is the units digit of (-19)/((-380)/176656) + 3/15?
3
Suppose r - 10717 = 2537 + 11621. What is the thousands digit of r?
4
Suppose 6*h + 78 = h - 2*v, -h - 5*v = 34. Let y(z) = -81*z - 78. What is the hundreds digit of y(h)?
0
Let f = -26832 - -69811. What is the units digit of f?
9
Suppose 0 = -2*f + 6 - 2. Suppose -1795 = -5*b + 5*l, -7*l = -f*b - 3*l + 726. Suppose b + 235 = 5*d. What is the tens digit of d?
1
Suppose 237 + 63 = 15*b. Suppose -b = -h - 3*l + 2, -3*h + 3*l + 30 = 0. What is the tens digit of h?
1
Let w = 21348 + -11986. What is the tens digit of w?
6
Suppose -4*u + 4 = -4. Suppose -5*o = -5*m - 30, u*o + 6 = -4*m - 6. Suppose 0 = 4*f + 5*q - 563, 0*q + 598 = 4*f - o*q. What is the tens digit of f?
4
Suppose 3*p - m - 4220 = -1584, -4*m = 3*p - 2611. Suppose -5*r + p = 122. What is the hundreds digit of r?
1
Let x(j) = -2*j - 21. Let l be x(-15). Let p be 0 - l/((-54)/24). Suppose -2*c = p*c - 36. What is the units digit of c?
6
Let j(n) = 2*n + 28. Let g be j(14). Let y = -26 + g. Suppose y = 2*k - 300. What is the hundreds digit of k?
1
Let z be (-2 - -3) + (-1 - -3). Suppose -1479 - 1899 = -z*a. What is the units digit of a?
6
Suppose -18 = -2*z - 14. Let w be (-15)/(-6) + 3/z. Suppose 3*b - 135 = -w*d, 3*d + 3*b = 136 - 34. What is the units digit of d?
3
Let g be 0 + 1182/27 + (-18)/(-81). Suppose 0 = g*o - 12399 - 2957. What is the tens digit of o?
4
Suppose -18*c + 48*c - 37980 = 0. What is the units digit of c?
6
Let m = 11131 - 5915. What is the units digit of m?
6
What is the tens digit of (-11)/1 - (-6240 - -5)?
2
Let m(c) = 5*c**2 - 6*c. Let d be m(3). Let k be -1 + -2 + -11 - -2. Let f = d + k. What is the tens digit of f?
1
Let b(j) = j**3 - 2*j**2 + 10*j - 9. Let w be b(1). What is the units digit of (11612/20 - (-3)/(-5)) + w?
0
Let h be ((-34)/6)/(1/2514*-1). Suppose 9274 + h = 42*u. What is the hundreds digit of u?
5
Suppose 4*w + 31 = 27. What is the units digit of 177 - (3 + (4 + w)/(-1))?
7
Suppose -4*s + 122 = -66. Let q = s - 47. What is the units digit of (-7)/(21/(-6)) + q?
2
Let j(w) = w**3 + 47*w**2 - 101*w + 89. What is the tens digit of j(-44)?
4
Let m(r) = 8*r - 6. Let b be m(1). Suppose d = -b*q - 6, -4*d = -3*d + q + 2. Suppose 0*x = d*x + 4*y - 158, -5*x - 2*y = -411. What is the tens digit of x?
8
Suppose -i - 4*a = -9*a - 12, 5*a + 100 = 5*i. Suppose 5*h - 155 = 5*m, -4*h + m + 131 - i = 0. What is the units digit of h?
6
Let t(c) = 322*c**3 + 4*c**2 - 4*c - 19. What is the thousands digit of t(2)?
2
What is the units digit of ((-1970514)/96)/(-3) + 1/(-16)?
2
Let l(n) = -11631*n + 150. What is the thousands digit of l(-1)?
1
Suppose 6*w = 14*w + 56. What is the hundreds digit of ((-29808)/14)/(-4) + 2/w?
5
Let h(j) = j + 2. Let k be h(4). Let d = 3312 - 3312. Suppose d = k*c - 6 - 18. What is the units digit of c?
4
Suppose 4*v + 31*v - 55*v = -96140. What is the tens digit of v?
0
Let h(i) = -i**3 + 9*i**2 - 8*i. Let z be h(8). Suppose 5*u - j - 680 = z, 5*u = -5*j + 8*j + 680. What is the tens digit of u?
3
Suppose 0 = -3*b + 4*x + 27, -4*b + 7*b - x - 18 = 0. Suppose 0 = -b*m + 4*m + 459. What is the tens digit of m?
5
Suppose -9*c + 924 = -390. Suppose 0 = 25*l - 26*l + c. What is the tens digit of (-2)/8*-4 + l?
4
Let u = -10450 + 32110. What is the ten thousands digit of u?
2
Suppose 8*b - 8976 = 2*b. Suppose 7694 = 6*k + b. What is the tens digit of k?
3
Suppose -13*u = -15*u + 6. Suppose -b = -2*p - 75, u*p = b + 2*b - 210. Suppose -b = -3*l - 2*l. What is the units digit of l?
3
Suppose 3*t = b - 81, 4*t + 171 - 9 = 2*b. Suppose -b*d + 24076 = -29*d. What is the units digit of d?
3
Suppose 45*z - 64962 - 18243 = 0. What is the hundreds digit of z?
8
Let d = -229 - -229. Suppose 4*w + 5*n - 2863 = d, 2*w - 8*n - 1418 = -6*n. What is the hundreds digit of w?
7
Let r(i) = -10*i - 22. Let h(q) be the first derivative of -q**4/4 - 2*q**3 - 5*q**2/2 - q + 12. Let w be h(-4). What is the hundreds digit of r(w)?
1
Suppose 5*n + 380*u - 127034 = 376*u, -3*n - 4*u + 76222 = 0. What is the hundreds digit of n?
4
Let y be -4*((-4)/(-2))/2. Let h be y - -1*(9 - 3). Suppose 5*q + 193 = 2*t - 220, -h*q - 636 = -3*t. What is the tens digit of t?
1
Suppose 13*c - 16*c + 12 = 0, 0 = k + 5*c - 25524. Suppose -k = -11*y - 5*y. What is the thousands digit of y?
1
Let h be (-26080)/64*(-34)/5. Suppose 0 = 15*a + 2*a - h. What is the tens digit of a?
6
Let w(v) = 5043*v + 3231. What is the units digit of w(5)?
6
Suppose 0 = 215*t - 4142087 - 3941698. What is the tens digit of t?
9
What is the thousands digit of 13433 - ((-623)/70 - (-3)/(-30))?
3
What is the ten thousands digit of (14249/3)/(267/801)?
1
Suppose -8*u + 5*u = 420. Let t = 11 - u. Suppose -m + 28 + t = 0. What